 + 14 = 0, -k + 10 = -0*v - 4*v. Let z(n) = -n - 4 + 3 - 2. Calculate z(v).
-1
Let q(c) = c**3 - c**2 + c. Let j(o) = -5*o**3 + 10*o**2 - o + 4. Suppose 7*g - 3*g = 4. Let f(n) = g*j(n) + 6*q(n). Suppose -22*s = -19*s + 9. What is f(s)?
-2
Let j(s) = s. Let g(k) = 1. Let n(m) = -m - 8. Let a(u) = 2*g(u) - n(u). Let x be a(-9). What is j(x)?
1
Let h(w) be the second derivative of 2*w + 1/2*w**3 + w**2 + 0. Give h(-3).
-7
Let g be 8/6 + 4/6. Let b(a) = -14*a - 14. Let u(z) = -9*z - 9. Let s(h) = -5*b(h) + 8*u(h). Determine s(g).
-6
Let u(l) = -l**2 - 3*l + 4. Suppose 4*z = 30 + 10. Suppose 3*a - 5*a = z. Determine u(a).
-6
Let f(c) = -c - 399 + 399 + 2*c. Give f(-2).
-2
Let m(o) = -o. Let f(t) be the third derivative of t**4/4 + t**3/6 + 3*t**2. Let v(s) = f(s) + 4*m(s). Let d be -1 - (-1)/2*0. Calculate v(d).
-1
Let q(k) = -k**3 + 4 - 3*k**2 - 2*k + 6*k**2 + 0. Suppose 0 = 2*n - 6 - 2, 0 = 4*d - 5*n + 8. Calculate q(d).
-2
Suppose -3*d = -3*t + 6, 3*d + 5*t = d + 17. Let r(f) = f**2 - 2*f + d - 2*f**2 - 3*f**3 + 3*f. What is r(-1)?
2
Let v(m) = -3*m**2 + 11*m - 13. Let g(r) = r**2 - 4*r + 4. Let y(z) = 11*g(z) + 4*v(z). Let l be 108/486 - 3*(-2)/(-27). Give y(l).
-8
Let w(u) = -4*u**2 - 3*u - 3. Let v(i) = -5*i**2 - 3*i - 3. Let a(r) = -5*v(r) + 6*w(r). Let n be 2 + (-2 - 4/(-2)). Suppose 0 = 3*z + n*z - 25. Give a(z).
7
Let d(a) be the first derivative of -a**3/3 - 5*a**2/2 + 2*a + 4. Give d(-4).
6
Let k(m) = -m**3 + m + 1. Suppose 3*p - 2*p = -3*g + 11, 4*g - 10 = p. What is k(p)?
-5
Suppose 2*n = 5*c - 9, -4*c - 4*n + n + 21 = 0. Suppose -3*p = -0*r + c*r + 12, -4*p + 2*r - 4 = 0. Let l = p + 2. Let z(f) = -f**3 - f**2 - f - 7. Give z(l).
-7
Suppose 0 = -4*n - i + 3, 5*i + 5 = n - 1. Let j be 18/3*1/n. Let b(m) = m**3 - 7*m**2 + 6*m + 3. Determine b(j).
3
Let t(j) = j**2 + 4*j - 5. Let f be 9 + (-2 - -3) + 1. Suppose -5*n - f = 14. Let z be t(n). Let g(v) = v**2 - v + 1. Calculate g(z).
1
Let j(y) = y**3 - 3*y**2 - 2*y - 3. Let h = 101 + -97. Determine j(h).
5
Let w(i) be the third derivative of -i**6/120 - i**5/15 - i**4/8 - i**3/3 - 9*i**2. Give w(-4).
10
Let d(p) = 10*p - 10. Let b(g) = -3*g + 3. Let i(f) = 7*b(f) + 2*d(f). Suppose n - 4*x = -23, 2*n + 4*x = 6*n + 32. Calculate i(n).
4
Suppose -9 = 7*c - 2. Let i(o) = -5*o - 1. Give i(c).
4
Let z be (-6)/2*1 - -26. Suppose -z = -4*s - 3. Let r(j) = j + 4. What is r(s)?
9
Let l(g) = g**3 + g**2 - g + 5. Let t(v) = v + v + 26 - 26 + v**2. Suppose -2*u = -4*u - 4. Let n be t(u). Calculate l(n).
5
Suppose -5*a = -2 - 18. Let t(r) be the first derivative of r**5/20 - r**4/3 + r**3/2 + r + 1. Let c(w) be the first derivative of t(w). Determine c(a).
12
Let a(h) = h**2 - 6*h - 6. Let o(q) = q**3 - 23*q**2 + 21*q + 29. Let w be o(22). Calculate a(w).
1
Let l(u) = -2*u**2 + 1. Let d = 61 + -60. Determine l(d).
-1
Let o(k) = 5*k**2 + 2*k + 1. Let t be (-28 + 29)/((2 + -1)/(-1)). Calculate o(t).
4
Let t = -19 - -25. Let p be -6*t/9*1. Let k(z) = -z**2 - 6*z - 2. Give k(p).
6
Suppose -4*f - f = -10. Suppose -z = r - 10, -z - f*r + 41 = 4*z. Let n(t) = -t + 3. Determine n(z).
-4
Let h be ((-4)/(-3))/((-7)/21). Let g(i) be the first derivative of 3/2*i**2 - 1 - i - 1/4*i**4 - i**3. What is g(h)?
3
Let n(m) be the first derivative of m**3/3 - 2*m + 14. Determine n(3).
7
Let l be -3*(-1)/6*8. Let b(o) = 1 - 1 - l + 2 + o. Give b(3).
1
Suppose -4*z + 3*z = 6. Let u(t) be the second derivative of -t**5/20 - 7*t**4/12 - t**3/2 + 4*t**2 + t. Determine u(z).
-10
Suppose 7*h - 10 = 4. Let u(i) = i**3 - i**2 - i + 1. What is u(h)?
3
Let x(g) = g - 9. Let f be x(7). Let h(z) = 21*z - 21*z - z**2 - 1. What is h(f)?
-5
Let m(w) = w**3 + 3*w**2 - 5*w - 5. Suppose -25 = 7*n + 3. Determine m(n).
-1
Let v(p) = 2*p - 5. Let o be ((-20)/(-6))/(4/6). Suppose -2*l - 11 = -g + 1, -3*g + 3 = o*l. Determine v(g).
7
Let t(i) be the third derivative of i**5/30 - i**4/6 - 2*i**3/3 - 32*i**2. Calculate t(4).
12
Let v(d) = -1 + d**3 + 23*d**2 - 12*d**2 - 16*d**2 + 4*d. Calculate v(3).
-7
Let q(s) be the second derivative of -s**5/20 + s**4/2 - 5*s**3/6 + 3*s**2/2 - 12*s. Let k = 1 + 4. Give q(k).
3
Suppose g + 14 - 4 = 5*d, -4*d + 5*g = -8. Suppose 5*f - 2*a = -17, d*f - 6*f - 15 = -3*a. Let s = f + 0. Let v(z) = z - 4. Calculate v(s).
-7
Let t(z) = 4*z - z**2 + 1 + 0*z - 8*z - 9*z. Let r be t(-13). Let f(p) = -2*p - 6. Let j(g) = 3*g + 5. Let b(m) = -4*f(m) - 5*j(m). Calculate b(r).
-8
Suppose -z = -2*v - 0*v - 1, 0 = 4*v. Let k = z - -3. Let u(l) = 6 + 2*l - k - 1. Give u(2).
5
Let v = 4 + -2. Let n(l) = -2 - 2*l + v. Calculate n(1).
-2
Let f = -51 - -52. Let u(y) = -5*y - 1. What is u(f)?
-6
Let q(a) = -9*a**2 - 10 + a**3 - 2*a + 5*a + 6*a. Let k be q(8). Let w(t) = -3*t**2 - 2 + 2*t**2 - t**2 - 4*t - t**3. Calculate w(k).
6
Let x = -22 + 32. Let w(l) = -l**2 + 9*l + 12. Let m be w(x). Let c(a) = 2*a**2 - 2*a + 2. Determine c(m).
6
Let x(c) = 5*c**3 - 7*c**2 - 9*c - 2. Let r(k) = -9*k**3 + 14*k**2 + 17*k + 3. Let a(s) = -6*r(s) - 11*x(s). What is a(-6)?
-14
Suppose 0 = -l + 1 + 2. Let r(y) = 3*y + l*y**2 - 2*y**2 - 4*y. Let t(n) = -n. Let h be t(-1). Calculate r(h).
0
Let v(r) = -r**3 - 5*r**2 - r - 3. Let k be v(-5). Let u(a) = 1 - 6*a**2 + k*a + 2*a**2 - 2 + 3*a**2. Give u(4).
-9
Suppose 3*x = 5 + 10. Let k(j) = 2*j**2 - 8*j + 7. Let v(g) = g**2 - 4*g + 4. Let p(r) = -3*k(r) + 5*v(r). Determine p(x).
-6
Let o = -3 + 1. Let q(x) be the second derivative of x**3/6 + x**2 + 7*x. Give q(o).
0
Let s = 4 + -2. Suppose s = 5*j + 7. Let p(o) = -5*o**2 + o. What is p(j)?
-6
Let z(m) = -m**3 - 7*m**2 + m + 6. Let a(g) = 4*g + 13. Let s be a(-5). Determine z(s).
-1
Suppose 19 = 4*c - 1. Let b(r) = r**2 - 11*r - 3. Let o(k) = k**2 - 12*k - 4. Let p(y) = -6*b(y) + 5*o(y). What is p(c)?
3
Let j(l) = l**3 - 14*l**2 - 16*l + 11. Let h be j(15). Let w be 16/12 - h/6. Let b(o) = -2*o**2 - o - 1. Give b(w).
-11
Let g(w) = -w**3 - w + 12. Suppose 0 = 4*d + 24 - 24. What is g(d)?
12
Let t(x) = -x**2 - 2 - 54*x - 54*x - x**3 + 111*x. What is t(2)?
-8
Let d be (-2)/(-1) - (-4 + 2). Suppose -3*a - 24 = -d*q, -2*q + 5*a + 29 = q. Let z(f) = f - 4 + 3 - q. Calculate z(4).
0
Let f(k) = -k**2 + 5*k - 4. Suppose u - 2 = -11. Let o be 3/2 + (-22)/4. Let l = o - u. Give f(l).
-4
Let f be (16 + -2)/(1 - 3). Let w(a) = -3 + 6*a + a**2 + 2 - 8. Give w(f).
-2
Suppose 0 = z - 0*z - 3. Let d(l) = z + 6*l + 4*l**2 - 3*l**2 + 0*l**2. Give d(-6).
3
Suppose 3*n + 2*n + 15 = 0. Let f(x) be the first derivative of -4/3*x**3 - 1/4*x**4 + 0*x**2 + 2*x - 1. What is f(n)?
-7
Let t(m) = m - 2. Let a = 13 - 6. Let c be t(a). Let v(s) = 2*s - 1. Calculate v(c).
9
Let v(j) be the third derivative of j**4/24 - j**3/3 - 10*j**2. Let k(l) be the first derivative of l**3/3 - l**2/2 + 2*l + 1. Let c be k(0). Determine v(c).
0
Suppose -5*d - 15 = -0*d. Let q(m) = m**2 + m + 2. What is q(d)?
8
Let p(u) = -2*u + 1. Let h be (-1*(-1 + -1))/(4/(-8)). Calculate p(h).
9
Let r be 2/6*(4 + 2 - 0). Let w(y) = 8*y - 2. Calculate w(r).
14
Let q(t) = -t**2 + 2. Suppose -2*j = -7*j. Give q(j).
2
Let h(c) = c - 1. Let b(x) = -6*x + 4. Let g(u) = 3*b(u) + 14*h(u). Determine g(-2).
6
Let a(w) = -2*w - w - w**2 + 5*w. Let x be a(2). Let n(h) = -h. Calculate n(x).
0
Let g(q) = q + 2. Let w be 8/(-28) + (-32)/(-14). Let k be -1 - (-2)/(-4)*w. Let l be g(k). Let b(p) = p**2 + p - 1. What is b(l)?
-1
Let d(j) = 16*j - 2. Let b be d(5). Let t = -51 + b. Let c be 48/t + 2/9. Let u(x) = -x**3 + 3*x**2 - 2*x + 3. Determine u(c).
3
Let d(t) be the first derivative of -t**4/4 - t**3/3 + t**2/2 - t + 1. Suppose 3*y - 5*o = -y - 5, 0 = -3*y - 2*o + 2. What is d(y)?
-1
Let t(o) = -8*o - 5. Let z(v) = 7*v + 5. Let s(d) = 5*t(d) + 6*z(d). Let a(u) = -4*u**2 - u + 1. Let k be a(1). What is s(k)?
-3
Let x(z) = 5*z**3 + 2*z**2 + z - 7. Let l(o) = 4*o**3 + 3*o**2 + 2*o - 6. Let c(f) = 4*l(f) - 3*x(f). Let i = 16 + -8. Suppose -7*m + 5 = -i*m. Give c(m).
-3
Let k(r) be the third derivative of r**4/24 - 2*r**3/3 - 27*r**2. Determine k(-3).
-7
Let w(r) = -19 - 5*r + 8*r + 4*r. Let d(y) be the first derivative of 3*y**2/2 - 9*y - 2. Let q(m) = 5*d(m) - 2*w(m). What is q(3)?
-4
Let k(f) be the third derivative of -f**6/120 - f**5/20 - f**4/12 - f**3/2 + f**2. What is k(-3)?
3
Let r = -15 + 11. Let a(q) = 2*q**2 + 5*